{"id":62,"date":"2018-01-08T15:49:58","date_gmt":"2018-01-08T13:49:58","guid":{"rendered":"https:\/\/ffhimmelberg.wordpress.com\/?page_id=62"},"modified":"2026-02-17T16:02:45","modified_gmt":"2026-02-17T16:02:45","slug":"fuhrpark","status":"publish","type":"page","link":"https:\/\/ffhimmelberg.at\/?page_id=62","title":{"rendered":"Fuhrpark"},"content":{"rendered":"<div class=\"wp-block-image is-resized\">\n<figure class=\"aligncenter\"><img decoding=\"async\" src=\"https:\/\/ffhimmelberg.files.wordpress.com\/2019\/06\/57267711_2332435720310304_4469099568125968384_o.png\" alt=\"\" class=\"wp-image-198\"\/><figcaption class=\"wp-element-caption\">MZFA<\/figcaption><\/figure>\n<\/div>\n\n\n<p>Das MZFA ist mit einem hydraulischen Rettungssatz, einem Notstromaggregat, sowie Werkzeugen f\u00fcr Verkehrsunf\u00e4lle ausgestattet. Dieses gel\u00e4ndetaugliche Fahrzeug wurde 2019 in den Einsatzdienst gestellt und ersetzt das alte KRF-S (Puch G).<\/p>\n\n\n<div class=\"wp-block-image alignnone size-full wp-image-82\">\n<figure class=\"aligncenter\"><img loading=\"lazy\" decoding=\"async\" width=\"480\" height=\"316\" src=\"http:\/\/ffhimmelberg.at\/wp-content\/uploads\/2018\/01\/lfba.jpeg\" alt=\"lfba\" class=\"wp-image-82\" srcset=\"https:\/\/ffhimmelberg.at\/wp-content\/uploads\/2018\/01\/lfba.jpeg 480w, https:\/\/ffhimmelberg.at\/wp-content\/uploads\/2018\/01\/lfba-300x198.jpeg 300w\" sizes=\"auto, (max-width: 480px) 100vw, 480px\" \/><figcaption class=\"wp-element-caption\">LFB-A<\/figcaption><\/figure>\n<\/div>\n\n\n<p>Der LFB-A wurde im Jahre 1995 angeschafft.<br>\nDer damalige Anschaffungswert lag bei 1,8<br>\nMillionen Schilling.<\/p>\n\n\n<div class=\"wp-block-image alignnone wp-image-89\">\n<figure class=\"aligncenter\"><img loading=\"lazy\" decoding=\"async\" width=\"960\" height=\"681\" src=\"http:\/\/ffhimmelberg.at\/wp-content\/uploads\/2018\/01\/20031754_1952578718296008_4871113051921967602_n-e1515492107134.jpg\" alt=\"20031754_1952578718296008_4871113051921967602_n\" class=\"wp-image-89\" srcset=\"https:\/\/ffhimmelberg.at\/wp-content\/uploads\/2018\/01\/20031754_1952578718296008_4871113051921967602_n-e1515492107134.jpg 960w, https:\/\/ffhimmelberg.at\/wp-content\/uploads\/2018\/01\/20031754_1952578718296008_4871113051921967602_n-e1515492107134-300x213.jpg 300w, https:\/\/ffhimmelberg.at\/wp-content\/uploads\/2018\/01\/20031754_1952578718296008_4871113051921967602_n-e1515492107134-768x545.jpg 768w\" sizes=\"auto, (max-width: 960px) 100vw, 960px\" \/><figcaption class=\"wp-element-caption\">TLF-A 3000\/200<\/figcaption><\/figure>\n<\/div>\n\n\n<p>Im Sommer 2006 erfolgte dann die \u00dcbergabe<br> des TLF-A 3000 durch Bgm. Heimo Rin\u00f6sl<br> an den damaligen Kommandanten Glatz Liebhard.<br> Das Tankl\u00f6schfahrzeug beinhaltet 3000 Liter Wasser,<br> sowie Schaum f\u00fcr L\u00f6schangriffe.<\/p>\n\n\n<div class=\"wp-block-image\">\n<figure class=\"aligncenter size-large\"><img loading=\"lazy\" decoding=\"async\" width=\"1024\" height=\"768\" src=\"https:\/\/ffhimmelberg.at\/wp-content\/uploads\/2026\/02\/IMG_20260217_122751-1024x768.jpg\" alt=\"\" class=\"wp-image-1594\" srcset=\"https:\/\/ffhimmelberg.at\/wp-content\/uploads\/2026\/02\/IMG_20260217_122751-1024x768.jpg 1024w, https:\/\/ffhimmelberg.at\/wp-content\/uploads\/2026\/02\/IMG_20260217_122751-300x225.jpg 300w, https:\/\/ffhimmelberg.at\/wp-content\/uploads\/2026\/02\/IMG_20260217_122751-768x576.jpg 768w, https:\/\/ffhimmelberg.at\/wp-content\/uploads\/2026\/02\/IMG_20260217_122751-1536x1152.jpg 1536w, https:\/\/ffhimmelberg.at\/wp-content\/uploads\/2026\/02\/IMG_20260217_122751-2048x1536.jpg 2048w, https:\/\/ffhimmelberg.at\/wp-content\/uploads\/2026\/02\/IMG_20260217_122751-2000x1500.jpg 2000w\" sizes=\"auto, (max-width: 1024px) 100vw, 1024px\" \/><\/figure>\n<\/div>\n\n\n<p class=\"has-text-align-center\">MTF<\/p>\n\n\n\n<p>Im Herbst 2024 wurde nach erfolgtem, positiven Gemeinderatsbeschluss ein Mannschaftstransporte angekauft. Der Renault Traffic bietet Platz f\u00fcr acht Kameradinnen und Kameraden und ist mit Absperrmaterial ausgestattet. Die Anschaffung dient in erster Linie der Jugendfeuerwehr sowie f\u00fcr die Nutzung bei Versorgungsfahrten und \u00e4hnlichem. <\/p>\n\n\n<div class=\"wp-block-image alignnone wp-image-99\">\n<figure class=\"aligncenter\"><img loading=\"lazy\" decoding=\"async\" width=\"516\" height=\"316\" src=\"http:\/\/ffhimmelberg.at\/wp-content\/uploads\/2018\/01\/1886er.jpeg\" alt=\"1886er\" class=\"wp-image-99\" srcset=\"https:\/\/ffhimmelberg.at\/wp-content\/uploads\/2018\/01\/1886er.jpeg 516w, https:\/\/ffhimmelberg.at\/wp-content\/uploads\/2018\/01\/1886er-300x184.jpeg 300w\" sizes=\"auto, (max-width: 516px) 100vw, 516px\" \/><figcaption class=\"wp-element-caption\">Erste Wasserdruckpumpe<\/figcaption><\/figure>\n<\/div>\n\n\n<p>Baujahr 1886, erbaut vom Gr\u00fcnder der K\u00e4rntner Feuerwehren und<br>\ndamaligen Kommandanten der Feuerwehr Klagenfurt, Ferdinand Jergitsch.<br>\nSie ist eine der Drei Pumpen die noch erhalten sind.<\/p>\n\n\n<div class=\"wp-block-image alignnone size-full wp-image-103\">\n<figure class=\"aligncenter\"><img loading=\"lazy\" decoding=\"async\" width=\"478\" height=\"316\" src=\"http:\/\/ffhimmelberg.at\/wp-content\/uploads\/2018\/01\/lf8.jpeg\" alt=\"lf8\" class=\"wp-image-103\" srcset=\"https:\/\/ffhimmelberg.at\/wp-content\/uploads\/2018\/01\/lf8.jpeg 478w, https:\/\/ffhimmelberg.at\/wp-content\/uploads\/2018\/01\/lf8-300x198.jpeg 300w\" sizes=\"auto, (max-width: 478px) 100vw, 478px\" \/><figcaption class=\"wp-element-caption\">Mercedes LF8 (1944)<\/figcaption><\/figure>\n<\/div>\n\n<div class=\"wp-block-image alignnone size-full wp-image-104\">\n<figure class=\"aligncenter\"><img loading=\"lazy\" decoding=\"async\" width=\"376\" height=\"316\" src=\"http:\/\/ffhimmelberg.at\/wp-content\/uploads\/2018\/01\/lf8heuet.jpeg\" alt=\"lf8heuet\" class=\"wp-image-104\" srcset=\"https:\/\/ffhimmelberg.at\/wp-content\/uploads\/2018\/01\/lf8heuet.jpeg 376w, https:\/\/ffhimmelberg.at\/wp-content\/uploads\/2018\/01\/lf8heuet-300x252.jpeg 300w\" sizes=\"auto, (max-width: 376px) 100vw, 376px\" \/><figcaption class=\"wp-element-caption\">Mercedes LF8 (2009)<\/figcaption><\/figure>\n<\/div>\n\n\n<p>Auch heute ist der Mercedes LF8 noch im Besitz<br>\nder FF Himmelberg. 2009 wurde er aufwendig und<br>\nmit m\u00fchsamer Handarbeit restauriert und der<br>\nOriginalzustand wiederhergestellt.<\/p>\n","protected":false},"excerpt":{"rendered":"<p>Das MZFA ist mit einem hydraulischen Rettungssatz, einem Notstromaggregat, sowie Werkzeugen f\u00fcr Verkehrsunf\u00e4lle ausgestattet. Dieses gel\u00e4ndetaugliche Fahrzeug wurde 2019 in den Einsatzdienst gestellt und ersetzt das alte KRF-S (Puch G). Der LFB-A wurde im Jahre 1995 angeschafft. Der damalige Anschaffungswert lag bei 1,8 Millionen Schilling. Im Sommer 2006 erfolgte dann die \u00dcbergabe des TLF-A 3000 &hellip; <a href=\"https:\/\/ffhimmelberg.at\/?page_id=62\" class=\"more-link\"><span class=\"screen-reader-text\">Fuhrpark<\/span> weiterlesen<\/a><\/p>\n","protected":false},"author":3,"featured_media":0,"parent":0,"menu_order":0,"comment_status":"closed","ping_status":"closed","template":"","meta":{"advanced_seo_description":"","jetpack_seo_html_title":"","jetpack_seo_noindex":false,"footnotes":""},"class_list":["post-62","page","type-page","status-publish","hentry"],"jetpack_sharing_enabled":false,"_links":{"self":[{"href":"https:\/\/ffhimmelberg.at\/index.php?rest_route=\/wp\/v2\/pages\/62","targetHints":{"allow":["GET"]}}],"collection":[{"href":"https:\/\/ffhimmelberg.at\/index.php?rest_route=\/wp\/v2\/pages"}],"about":[{"href":"https:\/\/ffhimmelberg.at\/index.php?rest_route=\/wp\/v2\/types\/page"}],"author":[{"embeddable":true,"href":"https:\/\/ffhimmelberg.at\/index.php?rest_route=\/wp\/v2\/users\/3"}],"replies":[{"embeddable":true,"href":"https:\/\/ffhimmelberg.at\/index.php?rest_route=%2Fwp%2Fv2%2Fcomments&post=62"}],"version-history":[{"count":4,"href":"https:\/\/ffhimmelberg.at\/index.php?rest_route=\/wp\/v2\/pages\/62\/revisions"}],"predecessor-version":[{"id":1597,"href":"https:\/\/ffhimmelberg.at\/index.php?rest_route=\/wp\/v2\/pages\/62\/revisions\/1597"}],"wp:attachment":[{"href":"https:\/\/ffhimmelberg.at\/index.php?rest_route=%2Fwp%2Fv2%2Fmedia&parent=62"}],"curies":[{"name":"wp","href":"https:\/\/api.w.org\/{rel}","templated":true}]}}

<div class="wp-block-image is-resized">
<figure class="aligncenter"><img decoding="async" src="https://ffhimmelberg.files.wordpress.com/2019/06/57267711_2332435720310304_4469099568125968384_o.png" alt="" class="wp-image-198"/><figcaption class="wp-element-caption">MZFA</figcaption></figure>
</div>


<p>Das MZFA ist mit einem hydraulischen Rettungssatz, einem Notstromaggregat, sowie Werkzeugen für Verkehrsunfälle ausgestattet. Dieses geländetaugliche Fahrzeug wurde 2019 in den Einsatzdienst gestellt und ersetzt das alte KRF-S (Puch G).</p>


<div class="wp-block-image alignnone size-full wp-image-82">
<figure class="aligncenter"><img loading="lazy" decoding="async" width="480" height="316" src="http://ffhimmelberg.at/wp-content/uploads/2018/01/lfba.jpeg" alt="lfba" class="wp-image-82" srcset="https://ffhimmelberg.at/wp-content/uploads/2018/01/lfba.jpeg 480w, https://ffhimmelberg.at/wp-content/uploads/2018/01/lfba-300x198.jpeg 300w" sizes="auto, (max-width: 480px) 100vw, 480px" /><figcaption class="wp-element-caption">LFB-A</figcaption></figure>
</div>


<p>Der LFB-A wurde im Jahre 1995 angeschafft.<br>
Der damalige Anschaffungswert lag bei 1,8<br>
Millionen Schilling.</p>


<div class="wp-block-image alignnone wp-image-89">
<figure class="aligncenter"><img loading="lazy" decoding="async" width="960" height="681" src="http://ffhimmelberg.at/wp-content/uploads/2018/01/20031754_1952578718296008_4871113051921967602_n-e1515492107134.jpg" alt="20031754_1952578718296008_4871113051921967602_n" class="wp-image-89" srcset="https://ffhimmelberg.at/wp-content/uploads/2018/01/20031754_1952578718296008_4871113051921967602_n-e1515492107134.jpg 960w, https://ffhimmelberg.at/wp-content/uploads/2018/01/20031754_1952578718296008_4871113051921967602_n-e1515492107134-300x213.jpg 300w, https://ffhimmelberg.at/wp-content/uploads/2018/01/20031754_1952578718296008_4871113051921967602_n-e1515492107134-768x545.jpg 768w" sizes="auto, (max-width: 960px) 100vw, 960px" /><figcaption class="wp-element-caption">TLF-A 3000/200</figcaption></figure>
</div>


<p>Im Sommer 2006 erfolgte dann die Übergabe<br> des TLF-A 3000 durch Bgm. Heimo Rinösl<br> an den damaligen Kommandanten Glatz Liebhard.<br> Das Tanklöschfahrzeug beinhaltet 3000 Liter Wasser,<br> sowie Schaum für Löschangriffe.</p>


<div class="wp-block-image">
<figure class="aligncenter size-large"><img loading="lazy" decoding="async" width="1024" height="768" src="https://ffhimmelberg.at/wp-content/uploads/2026/02/IMG_20260217_122751-1024x768.jpg" alt="" class="wp-image-1594" srcset="https://ffhimmelberg.at/wp-content/uploads/2026/02/IMG_20260217_122751-1024x768.jpg 1024w, https://ffhimmelberg.at/wp-content/uploads/2026/02/IMG_20260217_122751-300x225.jpg 300w, https://ffhimmelberg.at/wp-content/uploads/2026/02/IMG_20260217_122751-768x576.jpg 768w, https://ffhimmelberg.at/wp-content/uploads/2026/02/IMG_20260217_122751-1536x1152.jpg 1536w, https://ffhimmelberg.at/wp-content/uploads/2026/02/IMG_20260217_122751-2048x1536.jpg 2048w, https://ffhimmelberg.at/wp-content/uploads/2026/02/IMG_20260217_122751-2000x1500.jpg 2000w" sizes="auto, (max-width: 1024px) 100vw, 1024px" /></figure>
</div>


<p class="has-text-align-center">MTF</p>



<p>Im Herbst 2024 wurde nach erfolgtem, positiven Gemeinderatsbeschluss ein Mannschaftstransporte angekauft. Der Renault Traffic bietet Platz für acht Kameradinnen und Kameraden und ist mit Absperrmaterial ausgestattet. Die Anschaffung dient in erster Linie der Jugendfeuerwehr sowie für die Nutzung bei Versorgungsfahrten und ähnlichem. </p>


<div class="wp-block-image alignnone wp-image-99">
<figure class="aligncenter"><img loading="lazy" decoding="async" width="516" height="316" src="http://ffhimmelberg.at/wp-content/uploads/2018/01/1886er.jpeg" alt="1886er" class="wp-image-99" srcset="https://ffhimmelberg.at/wp-content/uploads/2018/01/1886er.jpeg 516w, https://ffhimmelberg.at/wp-content/uploads/2018/01/1886er-300x184.jpeg 300w" sizes="auto, (max-width: 516px) 100vw, 516px" /><figcaption class="wp-element-caption">Erste Wasserdruckpumpe</figcaption></figure>
</div>


<p>Baujahr 1886, erbaut vom Gründer der Kärntner Feuerwehren und<br>
damaligen Kommandanten der Feuerwehr Klagenfurt, Ferdinand Jergitsch.<br>
Sie ist eine der Drei Pumpen die noch erhalten sind.</p>


<div class="wp-block-image alignnone size-full wp-image-103">
<figure class="aligncenter"><img loading="lazy" decoding="async" width="478" height="316" src="http://ffhimmelberg.at/wp-content/uploads/2018/01/lf8.jpeg" alt="lf8" class="wp-image-103" srcset="https://ffhimmelberg.at/wp-content/uploads/2018/01/lf8.jpeg 478w, https://ffhimmelberg.at/wp-content/uploads/2018/01/lf8-300x198.jpeg 300w" sizes="auto, (max-width: 478px) 100vw, 478px" /><figcaption class="wp-element-caption">Mercedes LF8 (1944)</figcaption></figure>
</div>

<div class="wp-block-image alignnone size-full wp-image-104">
<figure class="aligncenter"><img loading="lazy" decoding="async" width="376" height="316" src="http://ffhimmelberg.at/wp-content/uploads/2018/01/lf8heuet.jpeg" alt="lf8heuet" class="wp-image-104" srcset="https://ffhimmelberg.at/wp-content/uploads/2018/01/lf8heuet.jpeg 376w, https://ffhimmelberg.at/wp-content/uploads/2018/01/lf8heuet-300x252.jpeg 300w" sizes="auto, (max-width: 376px) 100vw, 376px" /><figcaption class="wp-element-caption">Mercedes LF8 (2009)</figcaption></figure>
</div>


<p>Auch heute ist der Mercedes LF8 noch im Besitz<br>
der FF Himmelberg. 2009 wurde er aufwendig und<br>
mit mühsamer Handarbeit restauriert und der<br>
Originalzustand wiederhergestellt.</p>

<p>Das MZFA ist mit einem hydraulischen Rettungssatz, einem Notstromaggregat, sowie Werkzeugen für Verkehrsunfälle ausgestattet. Dieses geländetaugliche Fahrzeug wurde 2019 in den Einsatzdienst gestellt und ersetzt das alte KRF-S (Puch G). Der LFB-A wurde im Jahre 1995 angeschafft. Der damalige Anschaffungswert lag bei 1,8 Millionen Schilling. Im Sommer 2006 erfolgte dann die Übergabe des TLF-A 3000 &hellip; <a href="https://ffhimmelberg.at/?page_id=62" class="more-link"><span class="screen-reader-text">Fuhrpark</span> weiterlesen</a></p>
