{"id":337,"date":"2020-03-01T18:22:25","date_gmt":"2020-03-01T18:22:25","guid":{"rendered":"https:\/\/ffhimmelberg.at\/?page_id=337"},"modified":"2022-09-30T17:06:07","modified_gmt":"2022-09-30T17:06:07","slug":"datenschutzerklaerung","status":"publish","type":"page","link":"https:\/\/ffhimmelberg.at\/?page_id=337","title":{"rendered":"Datenschutzerkl\u00e4rung"},"content":{"rendered":"\n<h2 class=\"wp-block-heading\">Wer wir sind<\/h2>\n\n\n\n<p>Die Adresse unserer Website ist: https:\/\/ffhimmelberg.at.<\/p>\n\n\n\n<p>Der Schutz Ihrer pers\u00f6nlichen Daten ist uns ein besonderes Anliegen. Wir verarbeiten Ihre Daten daher ausschlie\u00dflich auf Grundlage der gesetzlichen Bestimmungen (DSGVO, TKG 2003). In diesen Datenschutzinformationen informieren wir Sie \u00fcber die wichtigsten Aspekte der Datenverarbeitung im Rahmen unserer Website.<\/p>\n\n\n\n<h2 class=\"wp-block-heading\">Datenspeicherung<\/h2>\n\n\n\n<p>Wenn Sie unsere Website besuchen speichert der Webspace-Provider automatisch Logfiles, Daten wie die IP-Adresse, die Zugriffszeit, Details zum verwendeten Browser und die URLs der besuchten Unterseiten. Wir nutzen diese Daten nicht und geben Sie nicht weiter. Bei Vorliegen eines rechtswidrigen Verhaltens k\u00f6nnten sie allerdings eingesehen werden.<\/p>\n\n\n\n<h2 class=\"wp-block-heading\">Cookies<\/h2>\n\n\n\n<p>Unsere Website verwendet Cookies. Das sind kleine Textdateien, die mit Hilfe des Browsers auf Ihrem Endger\u00e4t abgelegt werden. Sie richten keinen Schaden an.<\/p>\n\n\n\n<p>Wir nutzen Cookies dazu, unsere Website nutzerfreundlich zu gestalten. Einige Cookies bleiben auf Ihrem Endger\u00e4t gespeichert, bis Sie diese l\u00f6schen. Sie erm\u00f6glichen es uns, Ihren Browser beim n\u00e4chsten Besuch wiederzuerkennen.<\/p>\n\n\n\n<p>Wenn Sie dies nicht w\u00fcnschen, so k\u00f6nnen Sie Ihren Browser so einrichten, dass er Sie \u00fcber das Setzen von Cookies informiert und Sie dies nur im Einzelfall erlauben. Bei der Deaktivierung von Cookies kann die Funktionalit\u00e4t unserer Website eingeschr\u00e4nkt sein.<\/p>\n\n\n\n<h2 class=\"wp-block-heading\">Webanalyse mit Jetpack<\/h2>\n\n\n\n<p>Dieses Angebot nutzt <a href=\"http:\/\/wordpress.org\/extend\/plugins\/jetpack\/\" target=\"_blank\" rel=\"noreferrer noopener\">Jetpack<\/a>, ein Tool zur statistischen Auswertung der Besucherzugriffe, betrieben von&nbsp;<a href=\"https:\/\/automattic.com\/\" target=\"_blank\" rel=\"noreferrer noopener\">Automattic<\/a>, Inc. 132 Hawthorne Street San Francisco, CA 94107, USA, unter Einsatz der Trackingtechnologie von&nbsp;<a href=\"https:\/\/www.quantcast.com\/\" target=\"_blank\" rel=\"noreferrer noopener\">Quantcast<\/a>&nbsp;Inc., 201 3rd St, Floor 2, San Francisco, CA 94103-3153, USA.<\/p>\n\n\n\n<p>Die Jetpack\/WordPress.com-Statistik verwendet Cookies, Textdateien, die auf Ihrem Computer gespeichert werden und die eine Analyse der Benutzung der Website durch Sie erm\u00f6glichen. Die durch den Cookie erzeugten Informationen \u00fcber Ihre Benutzung dieses Internetangebotes werden auf einem Server in den USA gespeichert. Die IP-Adresse wird sofort nach der Verarbeitung und vor deren Speicherung anonymisiert. Sie k\u00f6nnen die Installation der Cookies durch eine entsprechende Einstellung Ihrer Browser Software verhindern.<\/p>\n\n\n\n<p>Sie k\u00f6nnen der Erhebung und Nutzung der Daten durch Quantcast mit Wirkung f\u00fcr die Zukunft widersprechen, indem Sie unter folgendem Link ein Opt-Out-Cookie in Ihrem Browser setzen: <a href=\"https:\/\/www.quantcast.com\/opt-out\/\" target=\"_blank\" rel=\"noreferrer noopener\">www.quantcast.com\/opt-out<\/a>. Sollten Sie alle Cookies auf Ihrem Rechner l\u00f6schen, m\u00fcssen Sie das Opt-Out-Cookie erneut setzen.<\/p>\n\n\n\n<h2 class=\"wp-block-heading\">Social Media<\/h2>\n\n\n\n<p>Unsere Seiten k\u00f6nnen Sie mit Social Media Share Buttons teilen. Wir setzen eine EU-Datenschutz konforme 2-Klick L\u00f6sung ein. D.h. wenn Sie auf einen Teilen Button klicken, \u00f6ffnet sich das Anmeldeformular zum jeweiligen Anbieter in einem neuen Fenster. Es werden auf unserer Website selbst keine Daten zu den Social Media Anbietern Facebook, Twitter, Google, Linkedin oder Xing \u00fcbertragen.<\/p>\n\n\n\n<h2 class=\"wp-block-heading\">Einbindung von Diensten Dritter<\/h2>\n\n\n\n<h3 class=\"wp-block-heading\">Google Web Fonts<\/h3>\n\n\n\n<p>Auf dieser Website sind Google Web Fonts implementiert, ein Service von Google LLC, 1600 Amphitheatre Parkway, Mountain View, CA 94043, USA. Mittels dieser wird die Darstellung von Schriften erm\u00f6glicht. Durch den Einsatz von Google Web Fonts wird beim Nutzen dieses Angebots ein Server von Google in den USA aufgerufen. Weitere datenschutzrechtliche Hinweise k\u00f6nnen Sie der <a rel=\"noreferrer noopener\" href=\"https:\/\/www.google.com\/policies\/privacy\/\" target=\"_blank\">Datenschutzerkl\u00e4rung<\/a> des Anbieters Google\u00a0 bzw. den folgenden <a rel=\"noreferrer noopener\" href=\"https:\/\/developers.google.com\/fonts\/faq#what_does_using_the_google_fonts_api_mean_for_the_privacy_of_my_users\" target=\"_blank\">FAQ \u2013 What does using the Google Fonts API mean for the privacy of my users?<\/a> entnehmen.<\/p>\n\n\n\n<h3 class=\"wp-block-heading\">YouTube Videos<\/h3>\n\n\n\n<p>Auf dieser Website werden Videos von YouTube, einem Tochterunternehmen der Google LLC, 1600 Amphitheatre Parkway, Mountain View, CA 94043, USA eingebunden. Die Darstellung der Videos setzt voraus, dass YouTube die IP-Adresse der Nutzer wahrnimmt. Ohne die IP-Adresse k\u00f6nnten sie die Inhalte nicht an den Browser des jeweiligen Nutzers senden.<\/p>\n\n\n\n<p>Sollten Sie in Ihrem YouTube-Account eingeloggt sein, w\u00fcrden Sie es YouTube erm\u00f6glichen, Ihr Surfverhalten direkt Ihrem pers\u00f6nlichen Profil zuzuordnen. Weitere Informationen zur Erhebung und Nutzung Ihrer Daten durch YouTube erhalten Sie in der <a href=\"https:\/\/policies.google.com\/privacy?hl=de&amp;gl=de\">Datenschutzerkl\u00e4rung<\/a> des Anbieters Google.<\/p>\n\n\n\n<h2 class=\"wp-block-heading\">Ihre Rechte<\/h2>\n\n\n\n<p>Ihnen stehen grunds\u00e4tzlich die Rechte auf Auskunft, Berichtigung, L\u00f6schung, Einschr\u00e4nkung, Daten\u00fcbertragbarkeit, Widerruf und Widerspruch zu. Wenn Sie Ihre Rechte geltend machen wollen, senden Sie uns dazu einen Brief an folgende Adresse zu. Wenn Sie der Meinung sind, dass die Verarbeitung Ihrer Daten gegen das Datenschutzrecht verst\u00f6\u00dft oder Ihre datenschutzrechtlichen Anspr\u00fcche sonst in einer Weise verletzt worden sind, k\u00f6nnen Sie sich bei der Datenschutzbeh\u00f6rde beschweren.<\/p>\n\n\n\n<p><strong>Sie erreichen uns unter folgenden Kontaktdaten:<\/strong><\/p>\n\n\n\n<p>Feuerwehr Himmelberg<br>Turracher Str. 27, 9562 Himmelberg<\/p>\n\n\n\n<p>Telefon: 04276 231023<br>E-Mail: <a href=\"mailto:himmelberg.ff@ktn.gde.at\">himmelberg.ff@ktn.gde.at<\/a><\/p>\n","protected":false},"excerpt":{"rendered":"<p>Wer wir sind Die Adresse unserer Website ist: https:\/\/ffhimmelberg.at. Der Schutz Ihrer pers\u00f6nlichen Daten ist uns ein besonderes Anliegen. Wir verarbeiten Ihre Daten daher ausschlie\u00dflich auf Grundlage der gesetzlichen Bestimmungen (DSGVO, TKG 2003). In diesen Datenschutzinformationen informieren wir Sie \u00fcber die wichtigsten Aspekte der Datenverarbeitung im Rahmen unserer Website. Datenspeicherung Wenn Sie unsere Website besuchen &hellip; <a href=\"https:\/\/ffhimmelberg.at\/?page_id=337\" class=\"more-link\"><span class=\"screen-reader-text\">Datenschutzerkl\u00e4rung<\/span> weiterlesen<\/a><\/p>\n","protected":false},"author":3,"featured_media":0,"parent":0,"menu_order":0,"comment_status":"closed","ping_status":"closed","template":"","meta":{"advanced_seo_description":"","jetpack_seo_html_title":"","jetpack_seo_noindex":false,"footnotes":""},"class_list":["post-337","page","type-page","status-publish","hentry"],"jetpack_sharing_enabled":true,"_links":{"self":[{"href":"https:\/\/ffhimmelberg.at\/index.php?rest_route=\/wp\/v2\/pages\/337","targetHints":{"allow":["GET"]}}],"collection":[{"href":"https:\/\/ffhimmelberg.at\/index.php?rest_route=\/wp\/v2\/pages"}],"about":[{"href":"https:\/\/ffhimmelberg.at\/index.php?rest_route=\/wp\/v2\/types\/page"}],"author":[{"embeddable":true,"href":"https:\/\/ffhimmelberg.at\/index.php?rest_route=\/wp\/v2\/users\/3"}],"replies":[{"embeddable":true,"href":"https:\/\/ffhimmelberg.at\/index.php?rest_route=%2Fwp%2Fv2%2Fcomments&post=337"}],"version-history":[{"count":3,"href":"https:\/\/ffhimmelberg.at\/index.php?rest_route=\/wp\/v2\/pages\/337\/revisions"}],"predecessor-version":[{"id":834,"href":"https:\/\/ffhimmelberg.at\/index.php?rest_route=\/wp\/v2\/pages\/337\/revisions\/834"}],"wp:attachment":[{"href":"https:\/\/ffhimmelberg.at\/index.php?rest_route=%2Fwp%2Fv2%2Fmedia&parent=337"}],"curies":[{"name":"wp","href":"https:\/\/api.w.org\/{rel}","templated":true}]}}