{"id":31,"date":"2018-01-08T14:26:43","date_gmt":"2018-01-08T12:26:43","guid":{"rendered":"https:\/\/ffhimmelberg.wordpress.com\/?page_id=31"},"modified":"2026-04-02T17:51:24","modified_gmt":"2026-04-02T17:51:24","slug":"jugend","status":"publish","type":"page","link":"https:\/\/ffhimmelberg.at\/?page_id=31","title":{"rendered":"Unsere Feuerl\u00f6scher von morgen"},"content":{"rendered":"\n<figure class=\"wp-block-image size-large\"><img loading=\"lazy\" decoding=\"async\" width=\"1024\" height=\"768\" src=\"https:\/\/ffhimmelberg.at\/wp-content\/uploads\/2022\/03\/20220327_165423-1024x768.jpg\" alt=\"\" class=\"wp-image-686\" srcset=\"https:\/\/ffhimmelberg.at\/wp-content\/uploads\/2022\/03\/20220327_165423-1024x768.jpg 1024w, https:\/\/ffhimmelberg.at\/wp-content\/uploads\/2022\/03\/20220327_165423-300x225.jpg 300w, https:\/\/ffhimmelberg.at\/wp-content\/uploads\/2022\/03\/20220327_165423-768x576.jpg 768w, https:\/\/ffhimmelberg.at\/wp-content\/uploads\/2022\/03\/20220327_165423-1536x1152.jpg 1536w, https:\/\/ffhimmelberg.at\/wp-content\/uploads\/2022\/03\/20220327_165423-2048x1536.jpg 2048w, https:\/\/ffhimmelberg.at\/wp-content\/uploads\/2022\/03\/20220327_165423-2000x1500.jpg 2000w\" sizes=\"auto, (max-width: 1024px) 100vw, 1024px\" \/><\/figure>\n\n\n<p>Die Feuerwehrjugend K\u00e4rnten ist die j\u00fcngste Feuerwehrjugend \u00d6sterreichs und wurde im Jahr 2002 gegr\u00fcndet. Sie z\u00e4hlt derzeit rund 1.200 Mitglieder verteilt auf ganz K\u00e4rnten.<\/p>\n<p>Sie stellt einen wichtigen Bestandteil der Feuerwehr und f\u00f6rdert neben der feuerwehrfachlichen Ausbildung, auch die sozialen und pers\u00f6nlichen Kompetenzen der Jugendlichen. Dazu z\u00e4hlen Teamgeist, F\u00f6rderung des Verantwortungsbewusstseins, Zivilcourage, Selbst\u00e4ndigkeit, Zuverl\u00e4ssigkeit, Fairness, Toleranz und Konflikt- und Kritikf\u00e4higkeit.\u00a0<\/p>\n<p>Unter der Leitung des Jugendbeauftragten erlernen die KameradInnen im Zuge der Basisausbildung in Themenbereichen wie Aufbau, Arbeit und Verhalten in der Feuerwehr, Fahrzeug und Ger\u00e4tekunde, Umgang mit den Ger\u00e4ten der Ersten L\u00f6schhilfe, Funktechnik das Verhalten im sp\u00e4teren Einsatzfall. Au\u00dferdem absolviert jedes Feuerwehrjugendmitglied, welches die Basisausbildung abschlie\u00dft auch einen Erste-Hilfe-Kurs. Erste Hilfe kann auch au\u00dferhalb der Feuerwehr sehr n\u00fctzlich sein.\u00a0<\/p>\n<p>Nach Abschluss dieser Ausbildung und dem vollendeten 15. Lebensjahr werden die Mitglieder der Feuerwehrjugend in den aktiven Stand \u00fcbergehen und somit an \u00dcbungen und Eins\u00e4tzen teilnehmen.<\/p>\n<p>Das Team der Feuerwehrjugend Himmelberg steht gerne bereit, euch bei einem pers\u00f6nlichen Gespr\u00e4ch alles Wissenswerte \u00fcber die Feuerwehrjugend zu erkl\u00e4ren.\u00a0<\/p>\n<p><strong>Jugendbeauftragter<\/strong>: OFM Ing. Tengg Andreas Tel.: 0650 6214883<\/p>\n\n\n<div class=\"wp-block-jetpack-slideshow aligncenter\" data-effect=\"slide\" style=\"--aspect-ratio:calc(740 \/ 987)\"><div class=\"wp-block-jetpack-slideshow_container swiper\"><ul class=\"wp-block-jetpack-slideshow_swiper-wrapper swiper-wrapper\"><li class=\"wp-block-jetpack-slideshow_slide swiper-slide\"><figure><img loading=\"lazy\" decoding=\"async\" width=\"768\" height=\"1024\" alt=\"\" class=\"wp-block-jetpack-slideshow_image wp-image-1440\" data-id=\"1440\" data-aspect-ratio=\"740 \/ 987\" src=\"https:\/\/ffhimmelberg.at\/wp-content\/uploads\/2025\/07\/WhatsApp-Image-2025-07-25-at-15.50.10-1-768x1024.jpeg\" srcset=\"https:\/\/ffhimmelberg.at\/wp-content\/uploads\/2025\/07\/WhatsApp-Image-2025-07-25-at-15.50.10-1-768x1024.jpeg 768w, https:\/\/ffhimmelberg.at\/wp-content\/uploads\/2025\/07\/WhatsApp-Image-2025-07-25-at-15.50.10-1-225x300.jpeg 225w, https:\/\/ffhimmelberg.at\/wp-content\/uploads\/2025\/07\/WhatsApp-Image-2025-07-25-at-15.50.10-1-1152x1536.jpeg 1152w, https:\/\/ffhimmelberg.at\/wp-content\/uploads\/2025\/07\/WhatsApp-Image-2025-07-25-at-15.50.10-1-1125x1500.jpeg 1125w, https:\/\/ffhimmelberg.at\/wp-content\/uploads\/2025\/07\/WhatsApp-Image-2025-07-25-at-15.50.10-1.jpeg 1200w\" sizes=\"(max-width: 768px) 100vw, 768px\" \/><\/figure><\/li><li class=\"wp-block-jetpack-slideshow_slide swiper-slide\"><figure><img loading=\"lazy\" decoding=\"async\" width=\"768\" height=\"1024\" alt=\"\" class=\"wp-block-jetpack-slideshow_image wp-image-1463\" data-id=\"1463\" data-aspect-ratio=\"740 \/ 987\" src=\"https:\/\/ffhimmelberg.at\/wp-content\/uploads\/2024\/07\/8eac834f-ea9e-4d6a-8dbd-219fe10fbfd2-768x1024.jpeg\" srcset=\"https:\/\/ffhimmelberg.at\/wp-content\/uploads\/2024\/07\/8eac834f-ea9e-4d6a-8dbd-219fe10fbfd2-768x1024.jpeg 768w, https:\/\/ffhimmelberg.at\/wp-content\/uploads\/2024\/07\/8eac834f-ea9e-4d6a-8dbd-219fe10fbfd2-225x300.jpeg 225w, https:\/\/ffhimmelberg.at\/wp-content\/uploads\/2024\/07\/8eac834f-ea9e-4d6a-8dbd-219fe10fbfd2-1152x1536.jpeg 1152w, https:\/\/ffhimmelberg.at\/wp-content\/uploads\/2024\/07\/8eac834f-ea9e-4d6a-8dbd-219fe10fbfd2-1125x1500.jpeg 1125w, https:\/\/ffhimmelberg.at\/wp-content\/uploads\/2024\/07\/8eac834f-ea9e-4d6a-8dbd-219fe10fbfd2.jpeg 1536w\" sizes=\"(max-width: 768px) 100vw, 768px\" \/><\/figure><\/li><li class=\"wp-block-jetpack-slideshow_slide swiper-slide\"><figure><img loading=\"lazy\" decoding=\"async\" width=\"768\" height=\"1024\" alt=\"\" class=\"wp-block-jetpack-slideshow_image wp-image-1466\" data-id=\"1466\" data-aspect-ratio=\"740 \/ 987\" src=\"https:\/\/ffhimmelberg.at\/wp-content\/uploads\/2024\/07\/504cab85-64d4-416b-8e5f-709172991b81-768x1024.jpeg\" srcset=\"https:\/\/ffhimmelberg.at\/wp-content\/uploads\/2024\/07\/504cab85-64d4-416b-8e5f-709172991b81-768x1024.jpeg 768w, https:\/\/ffhimmelberg.at\/wp-content\/uploads\/2024\/07\/504cab85-64d4-416b-8e5f-709172991b81-225x300.jpeg 225w, https:\/\/ffhimmelberg.at\/wp-content\/uploads\/2024\/07\/504cab85-64d4-416b-8e5f-709172991b81-1152x1536.jpeg 1152w, https:\/\/ffhimmelberg.at\/wp-content\/uploads\/2024\/07\/504cab85-64d4-416b-8e5f-709172991b81-1125x1500.jpeg 1125w, https:\/\/ffhimmelberg.at\/wp-content\/uploads\/2024\/07\/504cab85-64d4-416b-8e5f-709172991b81.jpeg 1530w\" sizes=\"(max-width: 768px) 100vw, 768px\" \/><\/figure><\/li><li class=\"wp-block-jetpack-slideshow_slide swiper-slide\"><figure><img loading=\"lazy\" decoding=\"async\" width=\"1024\" height=\"768\" alt=\"\" class=\"wp-block-jetpack-slideshow_image wp-image-1512\" data-id=\"1512\" data-aspect-ratio=\"740 \/ 555\" src=\"https:\/\/ffhimmelberg.at\/wp-content\/uploads\/2022\/10\/WhatsApp-Image-2025-10-19-at-13.27.27-4-1024x768.jpeg\" srcset=\"https:\/\/ffhimmelberg.at\/wp-content\/uploads\/2022\/10\/WhatsApp-Image-2025-10-19-at-13.27.27-4-1024x768.jpeg 1024w, https:\/\/ffhimmelberg.at\/wp-content\/uploads\/2022\/10\/WhatsApp-Image-2025-10-19-at-13.27.27-4-300x225.jpeg 300w, https:\/\/ffhimmelberg.at\/wp-content\/uploads\/2022\/10\/WhatsApp-Image-2025-10-19-at-13.27.27-4-768x576.jpeg 768w, https:\/\/ffhimmelberg.at\/wp-content\/uploads\/2022\/10\/WhatsApp-Image-2025-10-19-at-13.27.27-4-1536x1152.jpeg 1536w, https:\/\/ffhimmelberg.at\/wp-content\/uploads\/2022\/10\/WhatsApp-Image-2025-10-19-at-13.27.27-4.jpeg 2000w\" sizes=\"(max-width: 1024px) 100vw, 1024px\" \/><\/figure><\/li><li class=\"wp-block-jetpack-slideshow_slide swiper-slide\"><figure><img loading=\"lazy\" decoding=\"async\" width=\"1024\" height=\"768\" alt=\"\" class=\"wp-block-jetpack-slideshow_image wp-image-1510\" data-id=\"1510\" data-aspect-ratio=\"740 \/ 555\" src=\"https:\/\/ffhimmelberg.at\/wp-content\/uploads\/2022\/10\/WhatsApp-Image-2025-10-19-at-12.41.31-3-Kopie-1024x768.jpeg\" srcset=\"https:\/\/ffhimmelberg.at\/wp-content\/uploads\/2022\/10\/WhatsApp-Image-2025-10-19-at-12.41.31-3-Kopie-1024x768.jpeg 1024w, https:\/\/ffhimmelberg.at\/wp-content\/uploads\/2022\/10\/WhatsApp-Image-2025-10-19-at-12.41.31-3-Kopie-300x225.jpeg 300w, https:\/\/ffhimmelberg.at\/wp-content\/uploads\/2022\/10\/WhatsApp-Image-2025-10-19-at-12.41.31-3-Kopie-768x576.jpeg 768w, https:\/\/ffhimmelberg.at\/wp-content\/uploads\/2022\/10\/WhatsApp-Image-2025-10-19-at-12.41.31-3-Kopie-1536x1152.jpeg 1536w, https:\/\/ffhimmelberg.at\/wp-content\/uploads\/2022\/10\/WhatsApp-Image-2025-10-19-at-12.41.31-3-Kopie.jpeg 1600w\" sizes=\"(max-width: 1024px) 100vw, 1024px\" \/><\/figure><\/li><li class=\"wp-block-jetpack-slideshow_slide swiper-slide\"><figure><img loading=\"lazy\" decoding=\"async\" width=\"1024\" height=\"768\" alt=\"\" class=\"wp-block-jetpack-slideshow_image wp-image-1514\" data-id=\"1514\" data-aspect-ratio=\"740 \/ 555\" src=\"https:\/\/ffhimmelberg.at\/wp-content\/uploads\/2022\/10\/WhatsApp-Image-2025-10-19-at-13.27.27-2-1024x768.jpeg\" srcset=\"https:\/\/ffhimmelberg.at\/wp-content\/uploads\/2022\/10\/WhatsApp-Image-2025-10-19-at-13.27.27-2-1024x768.jpeg 1024w, https:\/\/ffhimmelberg.at\/wp-content\/uploads\/2022\/10\/WhatsApp-Image-2025-10-19-at-13.27.27-2-300x225.jpeg 300w, https:\/\/ffhimmelberg.at\/wp-content\/uploads\/2022\/10\/WhatsApp-Image-2025-10-19-at-13.27.27-2-768x576.jpeg 768w, https:\/\/ffhimmelberg.at\/wp-content\/uploads\/2022\/10\/WhatsApp-Image-2025-10-19-at-13.27.27-2-1536x1152.jpeg 1536w, https:\/\/ffhimmelberg.at\/wp-content\/uploads\/2022\/10\/WhatsApp-Image-2025-10-19-at-13.27.27-2.jpeg 2000w\" sizes=\"(max-width: 1024px) 100vw, 1024px\" \/><\/figure><\/li><li class=\"wp-block-jetpack-slideshow_slide swiper-slide\"><figure><img loading=\"lazy\" decoding=\"async\" width=\"768\" height=\"1024\" alt=\"\" class=\"wp-block-jetpack-slideshow_image wp-image-1680\" data-id=\"1680\" data-aspect-ratio=\"740 \/ 987\" src=\"https:\/\/ffhimmelberg.at\/wp-content\/uploads\/2026\/04\/WhatsApp-Image-2026-03-29-at-17.54.02-2-768x1024.jpeg\" srcset=\"https:\/\/ffhimmelberg.at\/wp-content\/uploads\/2026\/04\/WhatsApp-Image-2026-03-29-at-17.54.02-2-768x1024.jpeg 768w, https:\/\/ffhimmelberg.at\/wp-content\/uploads\/2026\/04\/WhatsApp-Image-2026-03-29-at-17.54.02-2-225x300.jpeg 225w, https:\/\/ffhimmelberg.at\/wp-content\/uploads\/2026\/04\/WhatsApp-Image-2026-03-29-at-17.54.02-2-1152x1536.jpeg 1152w, https:\/\/ffhimmelberg.at\/wp-content\/uploads\/2026\/04\/WhatsApp-Image-2026-03-29-at-17.54.02-2-1125x1500.jpeg 1125w, https:\/\/ffhimmelberg.at\/wp-content\/uploads\/2026\/04\/WhatsApp-Image-2026-03-29-at-17.54.02-2.jpeg 1536w\" sizes=\"(max-width: 768px) 100vw, 768px\" \/><\/figure><\/li><li class=\"wp-block-jetpack-slideshow_slide swiper-slide\"><figure><img loading=\"lazy\" decoding=\"async\" width=\"768\" height=\"1024\" alt=\"\" class=\"wp-block-jetpack-slideshow_image wp-image-1681\" data-id=\"1681\" data-aspect-ratio=\"740 \/ 987\" src=\"https:\/\/ffhimmelberg.at\/wp-content\/uploads\/2026\/04\/WhatsApp-Image-2026-03-29-at-17.54.02-1-768x1024.jpeg\" srcset=\"https:\/\/ffhimmelberg.at\/wp-content\/uploads\/2026\/04\/WhatsApp-Image-2026-03-29-at-17.54.02-1-768x1024.jpeg 768w, https:\/\/ffhimmelberg.at\/wp-content\/uploads\/2026\/04\/WhatsApp-Image-2026-03-29-at-17.54.02-1-225x300.jpeg 225w, https:\/\/ffhimmelberg.at\/wp-content\/uploads\/2026\/04\/WhatsApp-Image-2026-03-29-at-17.54.02-1-1152x1536.jpeg 1152w, https:\/\/ffhimmelberg.at\/wp-content\/uploads\/2026\/04\/WhatsApp-Image-2026-03-29-at-17.54.02-1-1125x1500.jpeg 1125w, https:\/\/ffhimmelberg.at\/wp-content\/uploads\/2026\/04\/WhatsApp-Image-2026-03-29-at-17.54.02-1.jpeg 1536w\" sizes=\"(max-width: 768px) 100vw, 768px\" \/><\/figure><\/li><li class=\"wp-block-jetpack-slideshow_slide swiper-slide\"><figure><img loading=\"lazy\" decoding=\"async\" width=\"768\" height=\"1024\" alt=\"\" class=\"wp-block-jetpack-slideshow_image wp-image-1682\" data-id=\"1682\" data-aspect-ratio=\"740 \/ 987\" src=\"https:\/\/ffhimmelberg.at\/wp-content\/uploads\/2026\/04\/WhatsApp-Image-2026-03-29-at-17.54.02-768x1024.jpeg\" srcset=\"https:\/\/ffhimmelberg.at\/wp-content\/uploads\/2026\/04\/WhatsApp-Image-2026-03-29-at-17.54.02-768x1024.jpeg 768w, https:\/\/ffhimmelberg.at\/wp-content\/uploads\/2026\/04\/WhatsApp-Image-2026-03-29-at-17.54.02-225x300.jpeg 225w, https:\/\/ffhimmelberg.at\/wp-content\/uploads\/2026\/04\/WhatsApp-Image-2026-03-29-at-17.54.02-1152x1536.jpeg 1152w, https:\/\/ffhimmelberg.at\/wp-content\/uploads\/2026\/04\/WhatsApp-Image-2026-03-29-at-17.54.02-1125x1500.jpeg 1125w, https:\/\/ffhimmelberg.at\/wp-content\/uploads\/2026\/04\/WhatsApp-Image-2026-03-29-at-17.54.02.jpeg 1536w\" sizes=\"(max-width: 768px) 100vw, 768px\" \/><\/figure><\/li><li class=\"wp-block-jetpack-slideshow_slide swiper-slide\"><figure><img loading=\"lazy\" decoding=\"async\" width=\"1024\" height=\"768\" alt=\"\" class=\"wp-block-jetpack-slideshow_image wp-image-1649\" data-id=\"1649\" data-aspect-ratio=\"740 \/ 555\" src=\"https:\/\/ffhimmelberg.at\/wp-content\/uploads\/2022\/03\/WhatsApp-Image-2026-03-06-at-20.19.05-1024x768.jpeg\" srcset=\"https:\/\/ffhimmelberg.at\/wp-content\/uploads\/2022\/03\/WhatsApp-Image-2026-03-06-at-20.19.05-1024x768.jpeg 1024w, https:\/\/ffhimmelberg.at\/wp-content\/uploads\/2022\/03\/WhatsApp-Image-2026-03-06-at-20.19.05-300x225.jpeg 300w, https:\/\/ffhimmelberg.at\/wp-content\/uploads\/2022\/03\/WhatsApp-Image-2026-03-06-at-20.19.05-768x576.jpeg 768w, https:\/\/ffhimmelberg.at\/wp-content\/uploads\/2022\/03\/WhatsApp-Image-2026-03-06-at-20.19.05-1536x1152.jpeg 1536w, https:\/\/ffhimmelberg.at\/wp-content\/uploads\/2022\/03\/WhatsApp-Image-2026-03-06-at-20.19.05.jpeg 1600w\" sizes=\"(max-width: 1024px) 100vw, 1024px\" \/><\/figure><\/li><\/ul><a class=\"wp-block-jetpack-slideshow_button-prev swiper-button-prev swiper-button-white\" role=\"button\"><\/a><a class=\"wp-block-jetpack-slideshow_button-next swiper-button-next swiper-button-white\" role=\"button\"><\/a><a aria-label=\"Pause Slideshow\" class=\"wp-block-jetpack-slideshow_button-pause\" role=\"button\"><\/a><div class=\"wp-block-jetpack-slideshow_pagination swiper-pagination swiper-pagination-white\"><\/div><\/div><\/div>\n\n\n\n<h4 class=\"wp-block-heading\">Cool genug f\u00fcr ein hei\u00dfes Hobby?<\/h4>\n\n\n\n<ul class=\"wp-block-list\">\n<li>Bist du zwischen 10 und 15 Jahren?<\/li>\n\n\n\n<li>Interessierst du dich f\u00fcr die Feuerwehr?<\/li>\n\n\n\n<li>Willst du deinen Freunden und Mitmenschen in Notsituationen helfen?<\/li>\n\n\n\n<li>Hast du Lust im Team was zu erreichen?<br>Dann melde dich doch bei unserem Jugendbeauftragten unter der Tel.: 0650 6214883 und besuche uns bei einer unserer \u00dcbungen! Den \u00dcbungsplan findest du unter <a href=\"https:\/\/ffhimmelberg.at\/?page_id=73\"><strong><mark style=\"background-color:rgba(0, 0, 0, 0)\" class=\"has-inline-color has-modern-dark-gray-color\">ffhimmelberg.at\/Termine<\/mark><\/strong><\/a><\/li>\n<\/ul>\n\n\n\n<p><\/p>\n","protected":false},"excerpt":{"rendered":"<p>Die Feuerwehrjugend K\u00e4rnten ist die j\u00fcngste Feuerwehrjugend \u00d6sterreichs und wurde im Jahr 2002 gegr\u00fcndet. Sie z\u00e4hlt derzeit rund 1.200 Mitglieder verteilt auf ganz K\u00e4rnten. Sie stellt einen wichtigen Bestandteil der Feuerwehr und f\u00f6rdert neben der feuerwehrfachlichen Ausbildung, auch die sozialen und pers\u00f6nlichen Kompetenzen der Jugendlichen. Dazu z\u00e4hlen Teamgeist, F\u00f6rderung des Verantwortungsbewusstseins, Zivilcourage, Selbst\u00e4ndigkeit, Zuverl\u00e4ssigkeit, Fairness, &hellip; <a href=\"https:\/\/ffhimmelberg.at\/?page_id=31\" class=\"more-link\"><span class=\"screen-reader-text\">Unsere Feuerl\u00f6scher von morgen<\/span> weiterlesen<\/a><\/p>\n","protected":false},"author":3,"featured_media":0,"parent":0,"menu_order":0,"comment_status":"closed","ping_status":"closed","template":"","meta":{"advanced_seo_description":"","jetpack_seo_html_title":"","jetpack_seo_noindex":false,"footnotes":""},"class_list":["post-31","page","type-page","status-publish","hentry"],"jetpack_sharing_enabled":false,"_links":{"self":[{"href":"https:\/\/ffhimmelberg.at\/index.php?rest_route=\/wp\/v2\/pages\/31","targetHints":{"allow":["GET"]}}],"collection":[{"href":"https:\/\/ffhimmelberg.at\/index.php?rest_route=\/wp\/v2\/pages"}],"about":[{"href":"https:\/\/ffhimmelberg.at\/index.php?rest_route=\/wp\/v2\/types\/page"}],"author":[{"embeddable":true,"href":"https:\/\/ffhimmelberg.at\/index.php?rest_route=\/wp\/v2\/users\/3"}],"replies":[{"embeddable":true,"href":"https:\/\/ffhimmelberg.at\/index.php?rest_route=%2Fwp%2Fv2%2Fcomments&post=31"}],"version-history":[{"count":15,"href":"https:\/\/ffhimmelberg.at\/index.php?rest_route=\/wp\/v2\/pages\/31\/revisions"}],"predecessor-version":[{"id":1683,"href":"https:\/\/ffhimmelberg.at\/index.php?rest_route=\/wp\/v2\/pages\/31\/revisions\/1683"}],"wp:attachment":[{"href":"https:\/\/ffhimmelberg.at\/index.php?rest_route=%2Fwp%2Fv2%2Fmedia&parent=31"}],"curies":[{"name":"wp","href":"https:\/\/api.w.org\/{rel}","templated":true}]}}